{"id":11,"date":"2015-11-14T10:55:01","date_gmt":"2015-11-14T09:55:01","guid":{"rendered":"http:\/\/www.bcaris.lu\/?page_id=11"},"modified":"2021-10-04T15:33:41","modified_gmt":"2021-10-04T13:33:41","slug":"accueil","status":"publish","type":"page","link":"https:\/\/www.bcaris.lu\/?page_id=11&lang=fr","title":{"rendered":"Accueil"},"content":{"rendered":"<p>Bienvenue sur le site web du Badminton Club ARIS Luxembourg.<\/p>\n<p>Le BC ARIS est un club loisir pour adultes, ce qui signifie qu&rsquo;il n&rsquo;y a pas d&rsquo;entra\u00eeneur et qu&rsquo;il faut savoir jouer si l&rsquo;on souhaite s&rsquo;inscrire.<\/p>\n<p>Dans le cas d&rsquo;une location de terrain, merci de contacter CK SportCenter.<\/p>\n<hr \/>\n<div class='pfpItem entry-content'><h2 class='entry-title'><a href='https:\/\/www.bcaris.lu\/?p=1926&lang=fr'>Disponibilit\u00e9 de Hamm pour les vacances de No\u00ebl (20\/12\/2025 -> 04\/01\/2026)<\/a><\/h2><div class='entry-meta'>Posted on novembre 18, 2025 by florent<\/div>La salle de sports de Hamm sera ouverte les :&#8211; mardi 23\/12\/2025 de 17 h 30 \u00e0 20 h 30 (la salle ferme \u00e0 21 h)&#8211; vendredi 02\/01\/2026 de 17 h 30 \u00e0 20 h 30 (la salle ferme \u00e0 21 h) Veuillez consulter le&nbsp;calendrier pour plus de d\u00e9tails.<a href='https:\/\/www.bcaris.lu\/?p=1926&lang=fr' class='pfpReadMore'>Plus \u00bb<\/a><div class='clear'><\/div><hr><\/div><div class='pfpItem entry-content'><h2 class='entry-title'><a href='https:\/\/www.bcaris.lu\/?p=1898&lang=fr'>Disponibilit\u00e9 des salles de sport pour la saison 2025\/2026 (15\/09\/2025 -> 15\/07\/2026)<\/a><\/h2><div class='entry-meta'>Posted on juillet 23, 2025 by florent<\/div>Pour la saison 2025\/2026, les entrainement se feront comme suit :&#8211; mardi de 17 h 30 \u00e0 21 h ou de 18 h 30 \u00e0 21 h 30 selon les dates dans la salle de sports de Hamm&#8211; vendredi de 17 h 30 \u00e0 21 h dans la salle de sports de Hamm Sous conditions [&hellip;]<a href='https:\/\/www.bcaris.lu\/?p=1898&lang=fr' class='pfpReadMore'>Plus \u00bb<\/a><div class='clear'><\/div><hr><\/div><div class='pfpItem entry-content'><h2 class='entry-title'><a href='https:\/\/www.bcaris.lu\/?p=1866&lang=fr'>Disponibilit\u00e9 de Hamm pour les vacances d\u2019\u00e9t\u00e9 (16\/07\/2025 -> 14\/09\/2025)<\/a><\/h2><div class='entry-meta'>Posted on mai 23, 2025 by florent<\/div>Les salles de sports\u00a0 seront ouvertes les :&#8211; mardi de 17 h 30 \u00e0 20 h 30 \u00e0 Hamm (157 rue de Hamm)&#8211; vendredi de 17 h 30 \u00e0 20 h 30 \u00e0 Hamm (157 rue de Hamm) Veuillez consulter le&nbsp;calendrier pour plus de d\u00e9tails.<a href='https:\/\/www.bcaris.lu\/?p=1866&lang=fr' class='pfpReadMore'>Plus \u00bb<\/a><div class='clear'><\/div><hr><\/div><div class='pfpItem entry-content'><h2 class='entry-title'><a href='https:\/\/www.bcaris.lu\/?p=1792&lang=fr'>Disponibilit\u00e9 de Hamm pour les vacances de No\u00ebl (21\/12\/2024 -> 05\/01\/2025)<\/a><\/h2><div class='entry-meta'>Posted on d\u00e9cembre 5, 2024 by florent<\/div>La salle de sports de Hamm sera ouverte le :&#8211; vendredi 03\/01\/2025 de 17 h 30 \u00e0 20 h 30 (la salle ferme \u00e0 21 h) Veuillez consulter le&nbsp;calendrier pour plus de d\u00e9tails.<a href='https:\/\/www.bcaris.lu\/?p=1792&lang=fr' class='pfpReadMore'>Plus \u00bb<\/a><div class='clear'><\/div><hr><\/div><div class='pfpItem entry-content'><h2 class='entry-title'><a href='https:\/\/www.bcaris.lu\/?p=1754&lang=fr'>Disponibilit\u00e9 des salles de sport pour la saison 2024\/2025 (17\/09\/2024 -> 15\/07\/2025)<\/a><\/h2><div class='entry-meta'>Posted on septembre 16, 2024 by florent<\/div>Pour la saison 2024\/2025, les entrainement se feront comme suit :&#8211; mardi de 17 h 30 \u00e0 21 h ou de 18 h 30 \u00e0 21 h 30 selon les dates dans la salle de sports de Hamm&#8211; vendredi de 17 h 30 \u00e0 21 h dans la salle de sports de Hamm Sous conditions [&hellip;]<a href='https:\/\/www.bcaris.lu\/?p=1754&lang=fr' class='pfpReadMore'>Plus \u00bb<\/a><div class='clear'><\/div><hr><\/div><span class='pfpNav'><a href=\"https:\/\/www.bcaris.lu\/index.php?rest_route=%2Fwp%2Fv2%2Fpages%2F11&#038;paged=2\" >Older Entries &raquo; <\/a><\/span>\n\n\n<p><\/p>\n","protected":false},"excerpt":{"rendered":"<p>Bienvenue sur le site web du Badminton Club ARIS Luxembourg. Le BC ARIS est un club loisir pour adultes, ce qui signifie qu&rsquo;il n&rsquo;y a pas d&rsquo;entra\u00eeneur et qu&rsquo;il faut savoir jouer si l&rsquo;on souhaite s&rsquo;inscrire. Dans le cas d&rsquo;une location de terrain, merci de contacter CK SportCenter.<\/p>\n","protected":false},"author":1,"featured_media":0,"parent":0,"menu_order":0,"comment_status":"closed","ping_status":"closed","template":"","meta":{"footnotes":""},"class_list":["post-11","page","type-page","status-publish","hentry"],"_links":{"self":[{"href":"https:\/\/www.bcaris.lu\/index.php?rest_route=\/wp\/v2\/pages\/11","targetHints":{"allow":["GET"]}}],"collection":[{"href":"https:\/\/www.bcaris.lu\/index.php?rest_route=\/wp\/v2\/pages"}],"about":[{"href":"https:\/\/www.bcaris.lu\/index.php?rest_route=\/wp\/v2\/types\/page"}],"author":[{"embeddable":true,"href":"https:\/\/www.bcaris.lu\/index.php?rest_route=\/wp\/v2\/users\/1"}],"replies":[{"embeddable":true,"href":"https:\/\/www.bcaris.lu\/index.php?rest_route=%2Fwp%2Fv2%2Fcomments&post=11"}],"version-history":[{"count":15,"href":"https:\/\/www.bcaris.lu\/index.php?rest_route=\/wp\/v2\/pages\/11\/revisions"}],"predecessor-version":[{"id":1227,"href":"https:\/\/www.bcaris.lu\/index.php?rest_route=\/wp\/v2\/pages\/11\/revisions\/1227"}],"wp:attachment":[{"href":"https:\/\/www.bcaris.lu\/index.php?rest_route=%2Fwp%2Fv2%2Fmedia&parent=11"}],"curies":[{"name":"wp","href":"https:\/\/api.w.org\/{rel}","templated":true}]}}